mmon factor of 60198 and 152781?
381
Calculate the greatest common divisor of 663126 and 1614446.
2798
Calculate the highest common divisor of 42001335 and 208035.
3105
Calculate the highest common divisor of 149300921 and 77.
77
What is the highest common divisor of 5526440 and 6440?
920
Calculate the greatest common divisor of 24390338 and 50274.
1862
What is the highest common divisor of 3129084 and 3078?
54
What is the greatest common divisor of 523 and 797718302?
523
What is the greatest common factor of 27608 and 41278832?
1624
Calculate the highest common divisor of 9989148 and 234.
78
What is the highest common factor of 81 and 496863?
9
Calculate the greatest common divisor of 498253 and 163982.
6307
Calculate the greatest common factor of 33507 and 16290607.
1241
What is the greatest common divisor of 411033 and 3669673?
3703
Calculate the greatest common divisor of 512866 and 3457042.
1478
Calculate the greatest common factor of 29640540 and 30.
30
What is the highest common divisor of 93280 and 101259680?
8480
What is the highest common factor of 11 and 51214867?
11
Calculate the highest common divisor of 4 and 4204684.
4
Calculate the greatest common divisor of 1874481 and 273.
21
Calculate the highest common factor of 10592 and 34422676.
1324
What is the greatest common factor of 2724299585 and 35?
35
Calculate the greatest common divisor of 84238284 and 3627.
1209
Calculate the greatest common divisor of 142 and 281366894.
142
Calculate the highest common factor of 16558 and 1310030.
974
What is the highest common factor of 76296 and 3392928?
4488
What is the highest common divisor of 7540970 and 2670?
890
What is the highest common divisor of 1535190122 and 31?
31
What is the highest common divisor of 1062649 and 278194?
217
What is the greatest common divisor of 97256421 and 855?
171
Calculate the highest common divisor of 21315 and 1001370.
435
What is the highest common divisor of 10053300 and 31?
31
What is the highest common divisor of 11192 and 261694142?
2798
What is the greatest common factor of 1216220 and 655?
5
Calculate the greatest common divisor of 56081077 and 2077.
2077
What is the highest common divisor of 1082482 and 141942?
82
What is the greatest common factor of 392616002 and 1724?
862
Calculate the highest common divisor of 5405676 and 360.
12
Calculate the highest common factor of 14243197 and 314.
157
What is the highest common divisor of 3462156 and 18?
18
What is the greatest common factor of 116410 and 104335?
35
Calculate the greatest common factor of 118129752 and 2274.
2274
Calculate the greatest common divisor of 2527857 and 148487.
1789
Calculate the highest common factor of 1946 and 4454950.
278
What is the greatest common factor of 841510 and 33269?
1957
What is the highest common divisor of 3826523298 and 734?
734
What is the greatest common divisor of 2499756 and 9240?
84
What is the highest common factor of 137384 and 968448?
104
What is the highest common divisor of 336 and 388304?
112
Calculate the greatest common factor of 8328632 and 4134.
1378
What is the highest common divisor of 54103496 and 8?
8
Calculate the highest common divisor of 6516372 and 82943.
289
Calculate the highest common factor of 66 and 32585289.
33
What is the highest common divisor of 421180865 and 7990?
3995
What is the highest common factor of 156933 and 1456812?
2961
Calculate the greatest common divisor of 105 and 187715790.
15
What is the highest common factor of 14728 and 36781076?
1052
What is the highest common factor of 16039 and 427831?
373
What is the greatest common factor of 102011056 and 3619?
329
Calculate the highest common divisor of 45901836 and 5661.
153
Calculate the greatest common divisor of 6976 and 1029750032.
1744
What is the greatest common factor of 4455 and 47506635?
1485
Calculate the highest common divisor of 140 and 8518704.
4
What is the highest common divisor of 1324044 and 492?
12
What is the greatest common divisor of 7936 and 17900640?
992
Calculate the greatest common factor of 53011 and 103397.
7
What is the highest common factor of 58152967 and 5007?
1669
Calculate the greatest common factor of 50925 and 26860755.
1455
What is the highest common divisor of 996 and 14995029?
249
Calculate the greatest common factor of 1261971 and 1199097.
4491
Calculate the greatest common factor of 36 and 5775336.
36
What is the highest common divisor of 1296652 and 5?
1
Calculate the highest common factor of 217 and 5994098.
31
What is the greatest common divisor of 37807558 and 37570?
578
Calculate the highest common divisor of 8797 and 16250837.
463
Calculate the highest common factor of 801778 and 11954.
86
Calculate the greatest common factor of 126603 and 1657822.
521
What is the highest common factor of 638490 and 810?
30
What is the highest common factor of 32766401 and 1477?
211
What is the highest common factor of 1188 and 47487?
33
What is the highest common divisor of 6120 and 19024020?
3060
Calculate the greatest common factor of 17948 and 17066.
14
What is the highest common factor of 9051219 and 14616?
261
What is the highest common factor of 6941168 and 1183?
169
Calculate the highest common factor of 14315833 and 43259.
181
What is the greatest common divisor of 130161808 and 42?
14
Calculate the highest common divisor of 18559779 and 441.
147
Calculate the highest common divisor of 1467 and 43823691.
1467
Calculate the greatest common factor of 1005032 and 5480.
1096
What is the highest common factor of 15165072 and 624?
624
Calculate the greatest common factor of 16141438 and 158.
158
Calculate the highest common divisor of 380705016 and 828.
276
Calculate the highest common factor of 311 and 96481219.
311
Calculate the greatest common divisor of 1398648 and 12120.
2424
What is the greatest common divisor of 350 and 11706925?
25
Calculate the highest common divisor of 40425 and 756511.
49
What is the highest common divisor of 1243 and 1695565?
113
What is the greatest common divisor of 4247 and 80383?
31
What is the highest common factor of 583492869 and 342?
171
What is the highest common factor of 428 and 7376366?
214
What is the greatest common factor of 369463 and 7870259?
6971
Calculate the greatest common factor of 38 and 731088650.
38
What is the highest common divisor of 486 and 7091550?
162
Calculate the highest common factor of 25256967 and 26707.
1571
Calculate the highest common factor of 7682 and 51451.
23
What is the greatest common factor of 11916254 and 14?
14
Calculate the greatest common divisor of 4168 and 1595302.
1042
Calculate the greatest common divisor of 62248070 and 8802.
326
What is the greatest common divisor of 53310439 and 176813?
2639
What is the greatest common divisor of 878487971 and 4426?
2213
Calculate the highest common divisor of 100989 and 21609.
441
What is the highest common factor of 2665782 and 1022?
14
What is the greatest common divisor of 612092 and 39?
13
Calculate the greatest common factor of 5172817 and 928.
29
What is the greatest common factor of 1989272 and 1292?
68
Calculate the greatest common factor of 29470067 and 583.
583
Calculate the greatest common factor of 106 and 10525.
1
What is the greatest common divisor of 41769 and 16674?
21
Calculate the highest common divisor of 17881533 and 108.
27
Calculate the greatest common divisor of 25714619 and 4959.
551
What is the highest common divisor of 267914 and 7566?
194
What is the greatest common factor of 988506370 and 20?
10
Calculate the highest common factor of 11 and 65920910.
11
What is the greatest common factor of 270 and 2568730?
10
Calculate the highest common factor of 13488 and 4656816.
48
Calculate the greatest common factor of 256303880 and 2003.
2003
Calculate the highest common factor of 1998 and 29972664.
666
What is the greatest common divisor of 22 and 1029550742?
22
What is the highest common divisor of 42594193 and 79?
79
Calculate the highest common divisor of 138845409 and 1935.
129
What is the highest common divisor of 22 and 9402712?
22
What is the greatest common divisor of 117483770 and 1564?
782
Calculate the highest common divisor of 7878 and 32657946.
606
Calculate the greatest common factor of 2715999 and 507.
507
Calculate the highest 